{"id":1701,"date":"2025-08-14T10:02:00","date_gmt":"2025-08-14T08:02:00","guid":{"rendered":"https:\/\/staging.hdw-verden.de\/madeinkirchlinteln\/?post_type=vereine&#038;p=1701"},"modified":"2025-09-03T12:22:53","modified_gmt":"2025-09-03T10:22:53","slug":"advent-in-st-petri","status":"publish","type":"die-vereine","link":"https:\/\/staging.hdw-verden.de\/madeinkirchlinteln\/die-vereine\/advent-in-st-petri\/","title":{"rendered":"Advent in St. Petri"},"excerpt":{"rendered":"<p>Der traditionelle Weihnachtsmarkt der St. Petri Kirchengemeinde Kirchlinteln startet am 1. Adventssonntag mit einem Gottesdienst. Es gibt St\u00e4nde, Essen, Kulturprogramm, Kinderaktionen und den Weihnachtsmann. Vereine und Ch\u00f6re wirken mit, und zwischen Feuerk\u00f6rben herrscht festliche Stimmung. Der Tag endet besinnlich.<\/p>\n","protected":false},"author":11,"featured_media":1703,"template":"","meta":{"greyd_block_editor_preview":[]},"class_list":["post-1701","die-vereine","type-die-vereine","status-publish","has-post-thumbnail","hentry"],"yoast_head":"<!-- This site is optimized with the Yoast SEO plugin v27.5 - https:\/\/yoast.com\/product\/yoast-seo-wordpress\/ -->\n<title>Advent in St. Petri - Made in Kirchlinteln<\/title>\n<meta name=\"robots\" content=\"index, follow, max-snippet:-1, max-image-preview:large, max-video-preview:-1\" \/>\n<link rel=\"canonical\" href=\"https:\/\/staging.hdw-verden.de\/madeinkirchlinteln\/die-vereine\/advent-in-st-petri\/\" \/>\n<meta property=\"og:locale\" content=\"de_DE\" \/>\n<meta property=\"og:type\" content=\"article\" \/>\n<meta property=\"og:title\" content=\"Advent in St. Petri - Made in Kirchlinteln\" \/>\n<meta property=\"og:description\" content=\"Der traditionelle Weihnachtsmarkt der St. Petri Kirchengemeinde Kirchlinteln startet am 1. Adventssonntag mit einem Gottesdienst. Es gibt St\u00e4nde, Essen, Kulturprogramm, Kinderaktionen und den Weihnachtsmann. Vereine und Ch\u00f6re wirken mit, und zwischen Feuerk\u00f6rben herrscht festliche Stimmung. Der Tag endet besinnlich.\" \/>\n<meta property=\"og:url\" content=\"https:\/\/staging.hdw-verden.de\/madeinkirchlinteln\/die-vereine\/advent-in-st-petri\/\" \/>\n<meta property=\"og:site_name\" content=\"Made in Kirchlinteln\" \/>\n<meta property=\"article:modified_time\" content=\"2025-09-03T10:22:53+00:00\" \/>\n<meta property=\"og:image\" content=\"https:\/\/staging.hdw-verden.de\/madeinkirchlinteln\/wp-content\/uploads\/sites\/22\/2025\/08\/Sliderbild_Kirche_mit_blauer_Himmel_2017_V1-scaled-e1755158714910.jpg\" \/>\n\t<meta property=\"og:image:width\" content=\"1950\" \/>\n\t<meta property=\"og:image:height\" content=\"1067\" \/>\n\t<meta property=\"og:image:type\" content=\"image\/jpeg\" \/>\n<meta name=\"twitter:card\" content=\"summary_large_image\" \/>\n<meta name=\"twitter:label1\" content=\"Gesch\u00e4tzte Lesezeit\" \/>\n\t<meta name=\"twitter:data1\" content=\"1\u00a0Minute\" \/>\n<script type=\"application\/ld+json\" class=\"yoast-schema-graph\">{\"@context\":\"https:\\\/\\\/schema.org\",\"@graph\":[{\"@type\":\"WebPage\",\"@id\":\"https:\\\/\\\/staging.hdw-verden.de\\\/madeinkirchlinteln\\\/die-vereine\\\/advent-in-st-petri\\\/\",\"url\":\"https:\\\/\\\/staging.hdw-verden.de\\\/madeinkirchlinteln\\\/die-vereine\\\/advent-in-st-petri\\\/\",\"name\":\"Advent in St. Petri - Made in Kirchlinteln\",\"isPartOf\":{\"@id\":\"https:\\\/\\\/staging.hdw-verden.de\\\/madeinkirchlinteln\\\/#website\"},\"primaryImageOfPage\":{\"@id\":\"https:\\\/\\\/staging.hdw-verden.de\\\/madeinkirchlinteln\\\/die-vereine\\\/advent-in-st-petri\\\/#primaryimage\"},\"image\":{\"@id\":\"https:\\\/\\\/staging.hdw-verden.de\\\/madeinkirchlinteln\\\/die-vereine\\\/advent-in-st-petri\\\/#primaryimage\"},\"thumbnailUrl\":\"https:\\\/\\\/staging.hdw-verden.de\\\/madeinkirchlinteln\\\/wp-content\\\/uploads\\\/sites\\\/22\\\/2025\\\/08\\\/Sliderbild_Kirche_mit_blauer_Himmel_2017_V1-scaled-e1755158714910.jpg\",\"datePublished\":\"2025-08-14T08:02:00+00:00\",\"dateModified\":\"2025-09-03T10:22:53+00:00\",\"breadcrumb\":{\"@id\":\"https:\\\/\\\/staging.hdw-verden.de\\\/madeinkirchlinteln\\\/die-vereine\\\/advent-in-st-petri\\\/#breadcrumb\"},\"inLanguage\":\"de\",\"potentialAction\":[{\"@type\":\"ReadAction\",\"target\":[\"https:\\\/\\\/staging.hdw-verden.de\\\/madeinkirchlinteln\\\/die-vereine\\\/advent-in-st-petri\\\/\"]}]},{\"@type\":\"ImageObject\",\"inLanguage\":\"de\",\"@id\":\"https:\\\/\\\/staging.hdw-verden.de\\\/madeinkirchlinteln\\\/die-vereine\\\/advent-in-st-petri\\\/#primaryimage\",\"url\":\"https:\\\/\\\/staging.hdw-verden.de\\\/madeinkirchlinteln\\\/wp-content\\\/uploads\\\/sites\\\/22\\\/2025\\\/08\\\/Sliderbild_Kirche_mit_blauer_Himmel_2017_V1-scaled-e1755158714910.jpg\",\"contentUrl\":\"https:\\\/\\\/staging.hdw-verden.de\\\/madeinkirchlinteln\\\/wp-content\\\/uploads\\\/sites\\\/22\\\/2025\\\/08\\\/Sliderbild_Kirche_mit_blauer_Himmel_2017_V1-scaled-e1755158714910.jpg\",\"width\":1950,\"height\":1067,\"caption\":\"Advent in St. Petri Foto\"},{\"@type\":\"BreadcrumbList\",\"@id\":\"https:\\\/\\\/staging.hdw-verden.de\\\/madeinkirchlinteln\\\/die-vereine\\\/advent-in-st-petri\\\/#breadcrumb\",\"itemListElement\":[{\"@type\":\"ListItem\",\"position\":1,\"name\":\"Startseite\",\"item\":\"https:\\\/\\\/staging.hdw-verden.de\\\/madeinkirchlinteln\\\/\"},{\"@type\":\"ListItem\",\"position\":2,\"name\":\"Vereine\",\"item\":\"https:\\\/\\\/staging.hdw-verden.de\\\/madeinkirchlinteln\\\/die-vereine\\\/\"},{\"@type\":\"ListItem\",\"position\":3,\"name\":\"Advent in St. Petri\"}]},{\"@type\":\"WebSite\",\"@id\":\"https:\\\/\\\/staging.hdw-verden.de\\\/madeinkirchlinteln\\\/#website\",\"url\":\"https:\\\/\\\/staging.hdw-verden.de\\\/madeinkirchlinteln\\\/\",\"name\":\"Made in Kirchlinteln\",\"description\":\"Menschen, Wirtschaft und Ideen\",\"publisher\":{\"@id\":\"https:\\\/\\\/staging.hdw-verden.de\\\/madeinkirchlinteln\\\/#organization\"},\"potentialAction\":[{\"@type\":\"SearchAction\",\"target\":{\"@type\":\"EntryPoint\",\"urlTemplate\":\"https:\\\/\\\/staging.hdw-verden.de\\\/madeinkirchlinteln\\\/?s={search_term_string}\"},\"query-input\":{\"@type\":\"PropertyValueSpecification\",\"valueRequired\":true,\"valueName\":\"search_term_string\"}}],\"inLanguage\":\"de\"},{\"@type\":\"Organization\",\"@id\":\"https:\\\/\\\/staging.hdw-verden.de\\\/madeinkirchlinteln\\\/#organization\",\"name\":\"Made in Kirchlinteln\",\"url\":\"https:\\\/\\\/staging.hdw-verden.de\\\/madeinkirchlinteln\\\/\",\"logo\":{\"@type\":\"ImageObject\",\"inLanguage\":\"de\",\"@id\":\"https:\\\/\\\/staging.hdw-verden.de\\\/madeinkirchlinteln\\\/#\\\/schema\\\/logo\\\/image\\\/\",\"url\":\"https:\\\/\\\/staging.hdw-verden.de\\\/madeinkirchlinteln\\\/wp-content\\\/uploads\\\/sites\\\/22\\\/2025\\\/08\\\/Logo_MIK_4c.png\",\"contentUrl\":\"https:\\\/\\\/staging.hdw-verden.de\\\/madeinkirchlinteln\\\/wp-content\\\/uploads\\\/sites\\\/22\\\/2025\\\/08\\\/Logo_MIK_4c.png\",\"width\":2031,\"height\":345,\"caption\":\"Made in Kirchlinteln\"},\"image\":{\"@id\":\"https:\\\/\\\/staging.hdw-verden.de\\\/madeinkirchlinteln\\\/#\\\/schema\\\/logo\\\/image\\\/\"}}]}<\/script>\n<!-- \/ Yoast SEO plugin. -->","yoast_head_json":{"title":"Advent in St. Petri - Made in Kirchlinteln","robots":{"index":"index","follow":"follow","max-snippet":"max-snippet:-1","max-image-preview":"max-image-preview:large","max-video-preview":"max-video-preview:-1"},"canonical":"https:\/\/staging.hdw-verden.de\/madeinkirchlinteln\/die-vereine\/advent-in-st-petri\/","og_locale":"de_DE","og_type":"article","og_title":"Advent in St. Petri - Made in Kirchlinteln","og_description":"Der traditionelle Weihnachtsmarkt der St. Petri Kirchengemeinde Kirchlinteln startet am 1. Adventssonntag mit einem Gottesdienst. Es gibt St\u00e4nde, Essen, Kulturprogramm, Kinderaktionen und den Weihnachtsmann. Vereine und Ch\u00f6re wirken mit, und zwischen Feuerk\u00f6rben herrscht festliche Stimmung. Der Tag endet besinnlich.","og_url":"https:\/\/staging.hdw-verden.de\/madeinkirchlinteln\/die-vereine\/advent-in-st-petri\/","og_site_name":"Made in Kirchlinteln","article_modified_time":"2025-09-03T10:22:53+00:00","og_image":[{"width":1950,"height":1067,"url":"https:\/\/staging.hdw-verden.de\/madeinkirchlinteln\/wp-content\/uploads\/sites\/22\/2025\/08\/Sliderbild_Kirche_mit_blauer_Himmel_2017_V1-scaled-e1755158714910.jpg","type":"image\/jpeg"}],"twitter_card":"summary_large_image","twitter_misc":{"Gesch\u00e4tzte Lesezeit":"1\u00a0Minute"},"schema":{"@context":"https:\/\/schema.org","@graph":[{"@type":"WebPage","@id":"https:\/\/staging.hdw-verden.de\/madeinkirchlinteln\/die-vereine\/advent-in-st-petri\/","url":"https:\/\/staging.hdw-verden.de\/madeinkirchlinteln\/die-vereine\/advent-in-st-petri\/","name":"Advent in St. Petri - Made in Kirchlinteln","isPartOf":{"@id":"https:\/\/staging.hdw-verden.de\/madeinkirchlinteln\/#website"},"primaryImageOfPage":{"@id":"https:\/\/staging.hdw-verden.de\/madeinkirchlinteln\/die-vereine\/advent-in-st-petri\/#primaryimage"},"image":{"@id":"https:\/\/staging.hdw-verden.de\/madeinkirchlinteln\/die-vereine\/advent-in-st-petri\/#primaryimage"},"thumbnailUrl":"https:\/\/staging.hdw-verden.de\/madeinkirchlinteln\/wp-content\/uploads\/sites\/22\/2025\/08\/Sliderbild_Kirche_mit_blauer_Himmel_2017_V1-scaled-e1755158714910.jpg","datePublished":"2025-08-14T08:02:00+00:00","dateModified":"2025-09-03T10:22:53+00:00","breadcrumb":{"@id":"https:\/\/staging.hdw-verden.de\/madeinkirchlinteln\/die-vereine\/advent-in-st-petri\/#breadcrumb"},"inLanguage":"de","potentialAction":[{"@type":"ReadAction","target":["https:\/\/staging.hdw-verden.de\/madeinkirchlinteln\/die-vereine\/advent-in-st-petri\/"]}]},{"@type":"ImageObject","inLanguage":"de","@id":"https:\/\/staging.hdw-verden.de\/madeinkirchlinteln\/die-vereine\/advent-in-st-petri\/#primaryimage","url":"https:\/\/staging.hdw-verden.de\/madeinkirchlinteln\/wp-content\/uploads\/sites\/22\/2025\/08\/Sliderbild_Kirche_mit_blauer_Himmel_2017_V1-scaled-e1755158714910.jpg","contentUrl":"https:\/\/staging.hdw-verden.de\/madeinkirchlinteln\/wp-content\/uploads\/sites\/22\/2025\/08\/Sliderbild_Kirche_mit_blauer_Himmel_2017_V1-scaled-e1755158714910.jpg","width":1950,"height":1067,"caption":"Advent in St. Petri Foto"},{"@type":"BreadcrumbList","@id":"https:\/\/staging.hdw-verden.de\/madeinkirchlinteln\/die-vereine\/advent-in-st-petri\/#breadcrumb","itemListElement":[{"@type":"ListItem","position":1,"name":"Startseite","item":"https:\/\/staging.hdw-verden.de\/madeinkirchlinteln\/"},{"@type":"ListItem","position":2,"name":"Vereine","item":"https:\/\/staging.hdw-verden.de\/madeinkirchlinteln\/die-vereine\/"},{"@type":"ListItem","position":3,"name":"Advent in St. Petri"}]},{"@type":"WebSite","@id":"https:\/\/staging.hdw-verden.de\/madeinkirchlinteln\/#website","url":"https:\/\/staging.hdw-verden.de\/madeinkirchlinteln\/","name":"Made in Kirchlinteln","description":"Menschen, Wirtschaft und Ideen","publisher":{"@id":"https:\/\/staging.hdw-verden.de\/madeinkirchlinteln\/#organization"},"potentialAction":[{"@type":"SearchAction","target":{"@type":"EntryPoint","urlTemplate":"https:\/\/staging.hdw-verden.de\/madeinkirchlinteln\/?s={search_term_string}"},"query-input":{"@type":"PropertyValueSpecification","valueRequired":true,"valueName":"search_term_string"}}],"inLanguage":"de"},{"@type":"Organization","@id":"https:\/\/staging.hdw-verden.de\/madeinkirchlinteln\/#organization","name":"Made in Kirchlinteln","url":"https:\/\/staging.hdw-verden.de\/madeinkirchlinteln\/","logo":{"@type":"ImageObject","inLanguage":"de","@id":"https:\/\/staging.hdw-verden.de\/madeinkirchlinteln\/#\/schema\/logo\/image\/","url":"https:\/\/staging.hdw-verden.de\/madeinkirchlinteln\/wp-content\/uploads\/sites\/22\/2025\/08\/Logo_MIK_4c.png","contentUrl":"https:\/\/staging.hdw-verden.de\/madeinkirchlinteln\/wp-content\/uploads\/sites\/22\/2025\/08\/Logo_MIK_4c.png","width":2031,"height":345,"caption":"Made in Kirchlinteln"},"image":{"@id":"https:\/\/staging.hdw-verden.de\/madeinkirchlinteln\/#\/schema\/logo\/image\/"}}]}},"_links":{"self":[{"href":"https:\/\/staging.hdw-verden.de\/madeinkirchlinteln\/wp-json\/wp\/v2\/die-vereine\/1701","targetHints":{"allow":["GET"]}}],"collection":[{"href":"https:\/\/staging.hdw-verden.de\/madeinkirchlinteln\/wp-json\/wp\/v2\/die-vereine"}],"about":[{"href":"https:\/\/staging.hdw-verden.de\/madeinkirchlinteln\/wp-json\/wp\/v2\/types\/die-vereine"}],"author":[{"embeddable":true,"href":"https:\/\/staging.hdw-verden.de\/madeinkirchlinteln\/wp-json\/wp\/v2\/users\/11"}],"wp:featuredmedia":[{"embeddable":true,"href":"https:\/\/staging.hdw-verden.de\/madeinkirchlinteln\/wp-json\/wp\/v2\/media\/1703"}],"wp:attachment":[{"href":"https:\/\/staging.hdw-verden.de\/madeinkirchlinteln\/wp-json\/wp\/v2\/media?parent=1701"}],"curies":[{"name":"wp","href":"https:\/\/api.w.org\/{rel}","templated":true}]}}

<p>Der traditionelle Weihnachtsmarkt der St. Petri Kirchengemeinde Kirchlinteln startet am 1. Adventssonntag mit einem Gottesdienst. Es gibt Stände, Essen, Kulturprogramm, Kinderaktionen und den Weihnachtsmann. Vereine und Chöre wirken mit, und zwischen Feuerkörben herrscht festliche Stimmung. Der Tag endet besinnlich.</p>

<!-- This site is optimized with the Yoast SEO plugin v27.5 - https://yoast.com/product/yoast-seo-wordpress/ -->
<title>Advent in St. Petri - Made in Kirchlinteln</title>
<meta name="robots" content="index, follow, max-snippet:-1, max-image-preview:large, max-video-preview:-1" />
<link rel="canonical" href="https://staging.hdw-verden.de/madeinkirchlinteln/die-vereine/advent-in-st-petri/" />
<meta property="og:locale" content="de_DE" />
<meta property="og:type" content="article" />
<meta property="og:title" content="Advent in St. Petri - Made in Kirchlinteln" />
<meta property="og:description" content="Der traditionelle Weihnachtsmarkt der St. Petri Kirchengemeinde Kirchlinteln startet am 1. Adventssonntag mit einem Gottesdienst. Es gibt Stände, Essen, Kulturprogramm, Kinderaktionen und den Weihnachtsmann. Vereine und Chöre wirken mit, und zwischen Feuerkörben herrscht festliche Stimmung. Der Tag endet besinnlich." />
<meta property="og:url" content="https://staging.hdw-verden.de/madeinkirchlinteln/die-vereine/advent-in-st-petri/" />
<meta property="og:site_name" content="Made in Kirchlinteln" />
<meta property="article:modified_time" content="2025-09-03T10:22:53+00:00" />
<meta property="og:image" content="https://staging.hdw-verden.de/madeinkirchlinteln/wp-content/uploads/sites/22/2025/08/Sliderbild_Kirche_mit_blauer_Himmel_2017_V1-scaled-e1755158714910.jpg" />
	<meta property="og:image:width" content="1950" />
	<meta property="og:image:height" content="1067" />
	<meta property="og:image:type" content="image/jpeg" />
<meta name="twitter:card" content="summary_large_image" />
<meta name="twitter:label1" content="Geschätzte Lesezeit" />
	<meta name="twitter:data1" content="1 Minute" />
<script type="application/ld+json" class="yoast-schema-graph">{"@context":"https:\/\/schema.org","@graph":[{"@type":"WebPage","@id":"https:\/\/staging.hdw-verden.de\/madeinkirchlinteln\/die-vereine\/advent-in-st-petri\/","url":"https:\/\/staging.hdw-verden.de\/madeinkirchlinteln\/die-vereine\/advent-in-st-petri\/","name":"Advent in St. Petri - Made in Kirchlinteln","isPartOf":{"@id":"https:\/\/staging.hdw-verden.de\/madeinkirchlinteln\/#website"},"primaryImageOfPage":{"@id":"https:\/\/staging.hdw-verden.de\/madeinkirchlinteln\/die-vereine\/advent-in-st-petri\/#primaryimage"},"image":{"@id":"https:\/\/staging.hdw-verden.de\/madeinkirchlinteln\/die-vereine\/advent-in-st-petri\/#primaryimage"},"thumbnailUrl":"https:\/\/staging.hdw-verden.de\/madeinkirchlinteln\/wp-content\/uploads\/sites\/22\/2025\/08\/Sliderbild_Kirche_mit_blauer_Himmel_2017_V1-scaled-e1755158714910.jpg","datePublished":"2025-08-14T08:02:00+00:00","dateModified":"2025-09-03T10:22:53+00:00","breadcrumb":{"@id":"https:\/\/staging.hdw-verden.de\/madeinkirchlinteln\/die-vereine\/advent-in-st-petri\/#breadcrumb"},"inLanguage":"de","potentialAction":[{"@type":"ReadAction","target":["https:\/\/staging.hdw-verden.de\/madeinkirchlinteln\/die-vereine\/advent-in-st-petri\/"]}]},{"@type":"ImageObject","inLanguage":"de","@id":"https:\/\/staging.hdw-verden.de\/madeinkirchlinteln\/die-vereine\/advent-in-st-petri\/#primaryimage","url":"https:\/\/staging.hdw-verden.de\/madeinkirchlinteln\/wp-content\/uploads\/sites\/22\/2025\/08\/Sliderbild_Kirche_mit_blauer_Himmel_2017_V1-scaled-e1755158714910.jpg","contentUrl":"https:\/\/staging.hdw-verden.de\/madeinkirchlinteln\/wp-content\/uploads\/sites\/22\/2025\/08\/Sliderbild_Kirche_mit_blauer_Himmel_2017_V1-scaled-e1755158714910.jpg","width":1950,"height":1067,"caption":"Advent in St. Petri Foto"},{"@type":"BreadcrumbList","@id":"https:\/\/staging.hdw-verden.de\/madeinkirchlinteln\/die-vereine\/advent-in-st-petri\/#breadcrumb","itemListElement":[{"@type":"ListItem","position":1,"name":"Startseite","item":"https:\/\/staging.hdw-verden.de\/madeinkirchlinteln\/"},{"@type":"ListItem","position":2,"name":"Vereine","item":"https:\/\/staging.hdw-verden.de\/madeinkirchlinteln\/die-vereine\/"},{"@type":"ListItem","position":3,"name":"Advent in St. Petri"}]},{"@type":"WebSite","@id":"https:\/\/staging.hdw-verden.de\/madeinkirchlinteln\/#website","url":"https:\/\/staging.hdw-verden.de\/madeinkirchlinteln\/","name":"Made in Kirchlinteln","description":"Menschen, Wirtschaft und Ideen","publisher":{"@id":"https:\/\/staging.hdw-verden.de\/madeinkirchlinteln\/#organization"},"potentialAction":[{"@type":"SearchAction","target":{"@type":"EntryPoint","urlTemplate":"https:\/\/staging.hdw-verden.de\/madeinkirchlinteln\/?s={search_term_string}"},"query-input":{"@type":"PropertyValueSpecification","valueRequired":true,"valueName":"search_term_string"}}],"inLanguage":"de"},{"@type":"Organization","@id":"https:\/\/staging.hdw-verden.de\/madeinkirchlinteln\/#organization","name":"Made in Kirchlinteln","url":"https:\/\/staging.hdw-verden.de\/madeinkirchlinteln\/","logo":{"@type":"ImageObject","inLanguage":"de","@id":"https:\/\/staging.hdw-verden.de\/madeinkirchlinteln\/#\/schema\/logo\/image\/","url":"https:\/\/staging.hdw-verden.de\/madeinkirchlinteln\/wp-content\/uploads\/sites\/22\/2025\/08\/Logo_MIK_4c.png","contentUrl":"https:\/\/staging.hdw-verden.de\/madeinkirchlinteln\/wp-content\/uploads\/sites\/22\/2025\/08\/Logo_MIK_4c.png","width":2031,"height":345,"caption":"Made in Kirchlinteln"},"image":{"@id":"https:\/\/staging.hdw-verden.de\/madeinkirchlinteln\/#\/schema\/logo\/image\/"}}]}</script>
<!-- / Yoast SEO plugin. -->

Der traditionelle Weihnachtsmarkt der St. Petri Kirchengemeinde Kirchlinteln startet am 1. Adventssonntag mit einem Gottesdienst. Es gibt Stände, Essen, Kulturprogramm, Kinderaktionen und den Weihnachtsmann. Vereine und Chöre wirken mit, und zwischen Feuerkörben herrscht festliche Stimmung. Der Tag endet besinnlich.
